 292 = -10*v. What is the units digit of v?
3
Let m = -101 - 22. What is the hundreds digit of -4 + -5 + 4 + (-5 - m)?
1
Suppose 4*h - 45803 - 121 = -4*t, 5*h = 3*t - 34491. What is the units digit of t?
7
Let v = 132 + -126. What is the tens digit of ((-26)/(-3))/(v/171)?
4
Let d be -1 + 5 - -6*3/2. Suppose 3*o = 3*u - 2250, 12*o - d*o = 4*u - 3025. What is the tens digit of u?
5
Suppose -112*g + 267033 = -3949991. What is the ten thousands digit of g?
3
Let o = -5 + -64. Let c = 644 + o. What is the units digit of c?
5
Let r be (-22)/(-4) + (-2)/4. Suppose 29 + 1 = 15*p. Suppose 3*y - 408 = -r*c, 3*y = -p*y - 2*c + 680. What is the units digit of y?
6
Let w = -4071 - -5415. What is the thousands digit of w?
1
Suppose -5*g = -2*u - 8740, 4*g = 11*u - 7*u + 7004. What is the thousands digit of g?
1
Let s(l) = -l**3 + 55*l**2 + 123*l + 269. What is the tens digit of s(54)?
2
Let g = 6979 - -2784. What is the tens digit of g?
6
Let g(i) = 463*i - 654. What is the tens digit of g(12)?
0
Let m be (-1 + 3/(-2))*336/(-40). Let l = m - -44. What is the units digit of l?
5
Let b(l) = 746*l + 16. Let u be (-1 + 2)*(-3)/3*-1. What is the hundreds digit of b(u)?
7
Let j(y) = 3*y**2 - 1. Let r be j(1). Let q(t) = 3*t**3 - 14*t**2 + 23*t. Let k be q(2). What is the tens digit of r - (-1 - 0)/(k/490)?
3
Let u(h) = -h + 3. Let l be u(15). Let i be 4/l*-3*0. Suppose 0 = 2*t + 4*d - 314, i*t - 3*d + 311 = 2*t. What is the units digit of t?
1
Let w(x) = -28*x**3 + 3*x**2 - x - 7. What is the units digit of w(-2)?
1
Let j = -14767 - -84139. What is the hundreds digit of j?
3
Suppose -86*d + 90*d = 704. Suppose d*c - 168*c - 9520 = 0. What is the hundreds digit of c?
1
Let w be ((-4)/(48/(-18)))/(3/184). Let v be (-60)/(-24)*w/10. Suppose -1381 = -12*z + v. What is the units digit of z?
7
Suppose 15*d = 13*d - 2*n + 20390, 2*n = d - 10207. What is the units digit of d?
9
Suppose 3230 = -14*a + 29690. Suppose -6*n + 2364 = -a. What is the tens digit of n?
0
Suppose -17*w - 15 = -22*w. Suppose w = 4*p - 1, -b = 3*p - 122. Let a = -18 + b. What is the units digit of a?
1
Let s = -12239 - -19094. What is the thousands digit of s?
6
Suppose -78*f = -71*f - 17213. Suppose -8*i + f = -1285. What is the tens digit of i?
6
Let x = -307 - -16158. What is the thousands digit of x?
5
Let r be (-12 + 11)*(-5 - -1). Suppose 0 = 3*t + 5*z - 680, 2*t = r*z + 232 + 214. What is the units digit of t?
5
Let w(g) = 41*g + 3. Let a be w(21). Let z = a + -583. What is the units digit of z?
1
Let x(i) = 6*i - 2. Let y be x(2). Suppose 10 = -0*j + y*j. What is the units digit of j - ((-36)/15)/(2/15)?
9
Let a(h) = 64*h + 163. Let m(s) = 4. Let v(j) = -a(j) - 2*m(j). What is the units digit of v(-8)?
1
Suppose 4*z + 2*q - 4*q = 114, -3*q = -5*z + 143. Let u be (24/(-21))/(0 - 8/z). Suppose 40 = u*i - 604. What is the hundreds digit of i?
1
Let c = 64 + -60. Let n(s) = -c - 2 + 17 + 19*s - 6. What is the hundreds digit of n(10)?
1
Suppose -12 = -3*i - 0*i. Suppose 55 = i*l - k, 3 = 4*k - 1. What is the units digit of (-6)/14 - (-1056)/l?
5
Let y(z) = 75*z + 28 - 28 - 246*z. Let q be y(-1). Suppose -3*t + 4*t + q = 3*v, 0 = -4*t. What is the units digit of v?
7
Suppose b = -3*b - 12. Suppose 0 = 5*g - 8*g - 15. What is the tens digit of -5*(b + 7)*g/2?
5
Let j(i) = -13112*i - 65. What is the thousands digit of j(-5)?
5
Let c = 31 - 22. Suppose 0 = c*z + 108 - 9. Let h(x) = x**3 + 12*x**2 + 6*x + 6. What is the units digit of h(z)?
1
Let h = -10612 - -39485. What is the tens digit of h?
7
Suppose -3*m + 8*m = -3*a + 1, 2*m - 10 = 0. Let j be 5/(-2) + 261*(-11)/66. What is the tens digit of (7/(-28) + j/a)*2?
1
Let a(x) = -367*x**3 + 2*x**2 + x + 1. What is the thousands digit of a(-2)?
2
Suppose -y + 4*f - 18 = -16, -5*y + 5*f = 25. What is the hundreds digit of 7/(-14) - 3255/y?
5
What is the ten thousands digit of ((-14)/119)/2 + (-658464)/(-51)?
1
Suppose -4*b + 5*o + 52039 = 0, 113*o + 65033 = 5*b + 109*o. What is the hundreds digit of b?
0
Let c(b) = -1007*b**3 - 4*b**2 + 18*b + 42. What is the units digit of c(-2)?
6
Suppose 0 = 35*d - 40*d + 3*o + 22940, 0 = 5*d + 5*o - 22980. What is the hundreds digit of d?
5
Let y be (-2)/(-2)*275/55. Suppose 3*f = 5*j - 2770, -y*j - 9*f = -6*f - 2800. What is the units digit of j?
7
Let y be 12/(-198) - (-14059)/561. Suppose -2*t + 12 = 4. Suppose 16 = v - 2*w, -12 = -t*v - w + y. What is the tens digit of v?
1
Let d = 5228 + -2743. What is the thousands digit of d?
2
What is the hundreds digit of ((-1027725)/3860)/((2/96)/(-1))?
7
Let r = 10517 - 4535. What is the hundreds digit of r?
9
Suppose 2*v = -w + 39, -w + 79 = 4*v + 2*w. Let h = -1 + v. Let d = 60 + h. What is the units digit of d?
8
Suppose 0 = -0*b + 3*b. What is the tens digit of 243 - (b - (0 + -1)*4)?
3
Suppose 2*a = -5*u + 19, 2*a + 2 = 2*u - 0*a. Let x = 310 + -260. Suppose -u*r - x = -290. What is the units digit of r?
0
What is the thousands digit of (-27 + 105632)*6/15?
2
Let l(v) = 162*v**3 - 2*v**2 + 4*v. Let a = -189 + 191. What is the tens digit of l(a)?
9
Let i(t) = 2*t**2 - 2*t + 6. Let n be i(-3). Let o(f) = 88*f - 151. Let s be o(4). What is the units digit of n/(-15) + s + -2 + 4?
1
Let b = 53 - 46. Suppose 5*p + 10 = b*p. Suppose p*s - 30 = 7*y - 2*y, s + y = -4. What is the units digit of s?
1
Let v(i) = 81*i**3 - i**2 - i + 1. Suppose d = -2*l - 4, -4*d + 5*l + 10 = -13. What is the hundreds digit of v(d)?
6
Suppose 17 = 3*g - 5*h, 4*g + 0 = -4*h + 76. Let q be (1/3*3)/(g/(-70)). Let m(l) = 2*l**2 - 7*l - 7. What is the tens digit of m(q)?
7
Suppose -937 = a - 3*k - 5210, -2*a + 8606 = 4*k. What is the units digit of a?
1
Suppose b - 53 = -5*y, -2*b - 3*b + 15 = 0. What is the hundreds digit of (-11)/y - -1 - 81862/(-220)?
3
Let b(y) = 6*y - 322. Let j(a) = a - 65. Let v(m) = 4*b(m) - 22*j(m). Let w = -12 - -12. What is the units digit of v(w)?
2
Suppose -10*p - 38 = -12*p + 4*n, 38 = 2*p - 2*n. Suppose -5433 - 3193 = -p*j. What is the units digit of j?
4
Let u = 10 - -7. Suppose -5*l + u = 7. Suppose 420 = 5*g - l*g + f, 5*g = 2*f + 689. What is the hundreds digit of g?
1
Let r(h) = h**3 - 8*h**2 - 9*h + 4. Suppose -3*x + 8 = -19. Let d be r(x). Suppose 0*b = b + 5*k + d, 0 = -b - 3*k - 2. What is the units digit of b?
1
Suppose h = -2*v + 37422, -h = -86*v + 90*v - 37412. Suppose -7925 - h = -39*x. What is the hundreds digit of x?
1
What is the hundreds digit of (-3 + (-42)/(-18))*(1 + -4309)?
8
Suppose -s + 2*i - 15 = -i, -2*s + 5 = i. Suppose -2*n + 2*b = -s*b - 874, -5*n + 2135 = 5*b. What is the hundreds digit of n?
4
Let h = 33 - 37. What is the units digit of (2 - (h - -4))*(-900)/(-8)?
5
Let l(h) be the second derivative of -77*h**3/6 + 249*h**2/2 - 12*h - 5. What is the hundreds digit of l(-6)?
7
Suppose 0 = c - 5*t + 677, -907 = -4*c + 5*t - 3540. Let m = -51 - c. What is the units digit of m?
1
Suppose 18*l = 26 - 14 + 24. Let j = 31 - -159. Suppose j = -l*p + 12*p. What is the units digit of p?
9
Let w(t) = -t**3 + 2*t**2 + 5*t - 3. Let k be w(3). Let i = 1266 + -620. Suppose 524 = 4*a - 5*m + k*m, -2*m + i = 5*a. What is the tens digit of a?
3
Suppose 4*c - 27 = 21. Suppose 7*s = c*s - 520. Suppose 517 = 3*l - s. What is the tens digit of l?
0
Let k(h) = -3126*h - 6936. What is the ten thousands digit of k(-24)?
6
Let v = 7314 - 7351. Let m = -123 + 175. Let w = v + m. What is the tens digit of w?
1
Suppose 4657689 = 154*v - 5502615. What is the hundreds digit of v?
9
Let x(d) = 5925*d**2 + 4*d + 3. What is the units digit of x(-1)?
4
Suppose 1155 = 30*h - 25*h. Suppose -182*v = -181*v - h. What is the units digit of v?
1
Let w(q) = 6*q**2 + q - 2. Let z be w(1). Suppose -4*j + 565 = -z*a + 17, -5*j + 2*a = -702. What is the units digit of j?
2
Suppose r - 4*n - 230 = 0, 0 = -4*r - 7*n + 9*n + 906. Let b = r - -392. What is the tens digit of b?
1
Suppose -22*q - 6388 - 960 = 0. Suppose 0 = -f - 0 + 1. What is the units digit of (4/(-8))/(f/q)?
7
Let r = 444 - 130. Suppose 3*s - r + 2 = 0. Suppose -88 - s = -3*c. What is the units digit of c?
4
Suppose -d - 5*z = -192, d - 34*z - 206 = -32*z. Suppose 3*m = -2*x - 67, 2*x - m = 7*x + 200. Let o = d + x. What is the hundreds digit of o?
1
Let l = 7298 + -1920. What is the units digit of l?
8
Let h(p